{"id":49,"date":"2021-03-07T14:16:05","date_gmt":"2021-03-07T14:16:05","guid":{"rendered":"https:\/\/ibrainformatica.com.br\/portal\/?page_id=49"},"modified":"2024-05-15T14:56:29","modified_gmt":"2024-05-15T17:56:29","slug":"suporte-ti","status":"publish","type":"page","link":"https:\/\/ibrainformatica.com.br\/portal\/?page_id=49","title":{"rendered":"SUPORTE EM TI"},"content":{"rendered":"\n<p>Com uma equipe especializada n\u00f3s, da IBRA Inform\u00e1tica, oferecemos aos nossos clientes um suporte em vastas \u00e1reas da tecnologia.<\/p>\n\n\n\n<p>Nossos servi\u00e7os v\u00e3o desde uma simples limpeza em seu sistema, at\u00e9 um grande reparo em seu equipamento para que ele volte a funcionar.<\/p>\n\n\n\n<p>Al\u00e9m de servi\u00e7os de instala\u00e7\u00e3o em empresas e solu\u00e7\u00f5es voltadas para a \u00e1rea corporativa, onde nos dias de hoje \u00e9 altamente recomendado uma boa estrutura de TI. <\/p>\n\n\n\n<p>Dentre os equipamentos que n\u00f3s atendemos podemos citar:<\/p>\n\n\n\n<ul class=\"wp-block-list\"><li>Notebooks<\/li><li>Computadores <\/li><li>Impressoras<\/li><li>Projetores<\/li><li>Nobreaks<\/li><li>DVR&#8217;s<\/li><\/ul>\n\n\n\n<p>Contamos com diversos parceiros para atender empresas conhecidas no mercado, como:<\/p>\n\n\n\n<ul class=\"wp-block-list\"><li>Postos Shell<\/li><li>Lojas Renner<\/li><li>TIM<\/li><li>Claro<\/li><li>Banco Santander<\/li><li>Banco Ita\u00fa<\/li><li>Secretaria de Sa\u00fade do Estado de Pernambuco<\/li><li>Vivara<\/li><li>MRV Engenharia<\/li><li>Localiza<\/li><li>Pirelli<\/li><\/ul>\n\n\n\n<p>Entre em contato agora mesmo com nossa equipe, n\u00f3s estamos de bra\u00e7os abertos para te atender.<\/p>\n","protected":false},"excerpt":{"rendered":"<p>Com uma equipe especializada n\u00f3s, da IBRA Inform\u00e1tica, oferecemos aos nossos clientes um suporte em vastas \u00e1reas da tecnologia. Nossos servi\u00e7os v\u00e3o desde uma simples limpeza em seu sistema, at\u00e9 um grande reparo em seu equipamento para que ele volte a funcionar. Al\u00e9m de servi\u00e7os de instala\u00e7\u00e3o em empresas e solu\u00e7\u00f5es voltadas para a \u00e1rea<\/p>\n<a href=\"https:\/\/ibrainformatica.com.br\/portal\/?page_id=49\" class=\"btn frontech-btn\"><span><\/span>Read More<\/a>","protected":false},"author":1,"featured_media":78,"parent":0,"menu_order":2,"comment_status":"closed","ping_status":"closed","template":"page-fullwidth.php","meta":{"footnotes":""},"class_list":["post-49","page","type-page","status-publish","has-post-thumbnail","hentry"],"_links":{"self":[{"href":"https:\/\/ibrainformatica.com.br\/portal\/index.php?rest_route=\/wp\/v2\/pages\/49","targetHints":{"allow":["GET"]}}],"collection":[{"href":"https:\/\/ibrainformatica.com.br\/portal\/index.php?rest_route=\/wp\/v2\/pages"}],"about":[{"href":"https:\/\/ibrainformatica.com.br\/portal\/index.php?rest_route=\/wp\/v2\/types\/page"}],"author":[{"embeddable":true,"href":"https:\/\/ibrainformatica.com.br\/portal\/index.php?rest_route=\/wp\/v2\/users\/1"}],"replies":[{"embeddable":true,"href":"https:\/\/ibrainformatica.com.br\/portal\/index.php?rest_route=%2Fwp%2Fv2%2Fcomments&post=49"}],"version-history":[{"count":1,"href":"https:\/\/ibrainformatica.com.br\/portal\/index.php?rest_route=\/wp\/v2\/pages\/49\/revisions"}],"predecessor-version":[{"id":121,"href":"https:\/\/ibrainformatica.com.br\/portal\/index.php?rest_route=\/wp\/v2\/pages\/49\/revisions\/121"}],"wp:featuredmedia":[{"embeddable":true,"href":"https:\/\/ibrainformatica.com.br\/portal\/index.php?rest_route=\/wp\/v2\/media\/78"}],"wp:attachment":[{"href":"https:\/\/ibrainformatica.com.br\/portal\/index.php?rest_route=%2Fwp%2Fv2%2Fmedia&parent=49"}],"curies":[{"name":"wp","href":"https:\/\/api.w.org\/{rel}","templated":true}]}}